
1
Suppose 8 = -4*k, 0 = s - k + 5*k - 15. Let r(b) = -55*b - 4. Let x = 34 + -37. Let p be r(x). Calculate the greatest common factor of s and p.
23
Let m be (63/15)/((-2)/(-50)) - 2. Let w = 247 - m. Let v be (-5)/(-3)*w/40. What is the highest common factor of v and 42?
6
Let a(h) = -294*h - 35*h**2 - 54 - 278*h + 958*h - 314*h - h**3. Let w be a(-37). Calculate the greatest common divisor of w and 500.
20
Suppose 509908 = 44*z - 2*z - 110264. Calculate the greatest common factor of 138 and z.
138
Suppose 3*n - l - 51 = 0, -17*l - 60 = -3*n - 19*l. What is the greatest common divisor of n and 3474?
18
Suppose 202*k - m = 205*k - 9321, 3*m + 9333 = 3*k. Calculate the highest common divisor of 280 and k.
28
Let s = 10 - -1. Let t(h) be the second derivative of 2*h**3 - h**2/2 - 2*h. Let y be t(1). What is the greatest common factor of s and y?
11
Let b = -146 + 276. Let w be (150/40)/((-51)/(-68)). What is the highest common divisor of b and w?
5
Let x = 134 - 130. Suppose y + 3*g = 41, -y - x*y + 4*g + 243 = 0. What is the highest common divisor of y and 188?
47
Let g = -108 + 131. Suppose g*l - 28*l + 87 = j, 0 = -2*l - 4*j + 24. Calculate the greatest common divisor of 486 and l.
18
Let f(q) be the second derivative of q**5/20 - 37*q**4/12 - 37*q**3/6 + 7*q**2 + 61*q - 2. Let x be f(38). Calculate the greatest common factor of x and 20.
4
Let x = 114 - 90. Let q(s) = 7*s**2 + 2 - 5*s**2 + 3*s**2 + 8 - 9*s. Let d be q(7). What is the greatest common divisor of d and x?
24
Let g = -19578 - -19630. What is the highest common factor of 6812 and g?
52
Suppose 0 = -4*c + 193 + 83. Let h = -66 + c. Let t be h/(-12) - (-1202)/8. Calculate the highest common factor of t and 30.
30
Let g(y) = -1195*y - 16. Let u be g(1). Let n be 6*(-14)/21 - u. What is the greatest common factor of n and 71?
71
Let z(a) = 45*a + 653. Let q be z(0). Calculate the greatest common divisor of q and 1.
1
Let n(m) = -2*m - 7. Let y be n(-6). Suppose 167*d - 14204 - 5782 - 8359 = 18415. Calculate the highest common factor of y and d.
5
Let o(v) = 2*v**2 - 18*v + 39. Suppose -3*w - b + 6*b + 44 = 0, 2*b + 2 = 0. Let d be o(w). Calculate the highest common divisor of d and 22.
11
Let g = -22605 + 27780. What is the highest common divisor of 125 and g?
25
Suppose 4*d - 4*g - 1 = 11, -4*g - 12 = 0. Suppose 226 = i - 4*u, 13*i - 16*i + 4*u + 702 = d. What is the highest common factor of i and 14?
14
Suppose -3*f - f - 8 = 0, -4 = q + 4*f. Suppose 0 = -30*y + q*y + 1300. What is the greatest common factor of 125 and y?
25
Suppose -4*z + 65 + 43 = 0. Suppose -2*i + w + 17 = 0, 3*i - 21 = 9*w - 3*w. What is the greatest common divisor of i and z?
9
Suppose -2283*x = -2*k - 2286*x + 311, 2*k + 4*x - 312 = 0. What is the highest common divisor of 266 and k?
14
Let w = 51 + -47. Suppose -3*j + 18 = -5*m, w*m - 2*m = -4*j + 24. Suppose -s - 2 = 2*u, 2*s + 5*u + 0 + 9 = 0. What is the highest common factor of j and s?
2
Suppose -47*n = -93 - 21104. What is the greatest common divisor of n and 123?
41
Let n(y) = 97*y - 903. Let i be n(10). Calculate the greatest common divisor of i and 9179.
67
Let r(u) = 9*u**2 - 8*u + 10. Let h be r(2). What is the greatest common factor of h and 138?
6
Let s be 16725/55 - 28/308. What is the highest common factor of s and 779?
19
Suppose 15*q - 108 = -d + 13*q, 0 = 2*d - 2*q - 144. Let j be ((-4)/(-6))/((-2)/(-336)). What is the highest common divisor of j and d?
28
Suppose 3*b - 1162 = -11*b. Let t = b + -77. Calculate the greatest common factor of t and 66.
6
Let t = 65 - 55. Suppose -3*f = -4*n - 226, -37*f - 206 = -40*f - n. What is the greatest common divisor of f and t?
10
Suppose -3*n - 486 - 30 = 0. Let g = n - -315. What is the greatest common factor of 22 and g?
11
Let v(m) = -2*m**2 - 6*m + 1. Let s be v(-6). Let i be 2/7 + (-1110)/s. Let d = -2338 + 2342. What is the highest common factor of d and i?
4
Suppose 4*o = -20*k + 17*k + 29176, -2*k + 29168 = 4*o. What is the highest common factor of 8 and o?
8
Let r(g) = 14*g**2 + 2*g + 16. Let k(h) = h**3 + 16*h**2 + 13*h - 33. Let y be k(-15). Let a be r(y). Calculate the highest common divisor of a and 102.
34
Let k(i) = -7*i**3 - 3*i**2 - 2*i. Let r be k(-2). Let t = 40 - 35. Suppose l = t*x - 115, -15 = -3*l - 0*l. Calculate the highest common divisor of x and r.
24
Suppose 0 = 3*k + 3*x - 6, -9 = -4*k - 0*k - 3*x. Suppose -42 - 57 = -k*f. Suppose f*c + 8 = 37*c. What is the highest common divisor of c and 6?
2
Let x be (-3)/10*-2 + 6/(-10). Suppose -u = -5*z - 0*z + 77, -z + u + 13 = x. Calculate the greatest common factor of 72 and z.
8
Let r be 496/6 - (-2)/(-3). Let s(v) = v**3 + 7*v**2 + 631*v + 3791. Let x be s(-6). What is the greatest common divisor of x and r?
41
Let u be (-1 - -117)*3/4. Let m be (4/2 - 1)*108/(18 - 0). Calculate the greatest common divisor of m and u.
3
Suppose -20 = -0*t - t. Suppose 3*u + 92 = p, 0 = 2*p - 8*u + 4*u - 176. Let k be (12/15)/(8/p). What is the greatest common divisor of t and k?
4
Suppose 20*b - 29*b + 4401 = 0. Let x = b + -465. Calculate the highest common factor of 312 and x.
24
Let s(w) = 2*w + 5. Let d be (8/4)/(-2)*-1. Suppose 5 + d = r. Let m be s(r). What is the greatest common factor of m and 187?
17
Suppose -3*i + 8 = i, 2*s - 5*i - 50 = 0. Let c = s + -33. Let q be 122 - c - 1*(0 - 1). What is the highest common factor of q and 14?
14
Let d = -167 - -186. Suppose d*w - 2511 = -8*w. What is the greatest common factor of 341 and w?
31
Suppose 3*p = 7*p - 360. Suppose 142 = 41*o - 1908. Calculate the highest common divisor of o and p.
10
Let z be ((-11)/(-44))/((-2)/(-104)). Suppose 5*l = -4*n + 6 + z, 2*n + 4 = 2*l. Let x be 2/(-6)*n*-81. Calculate the highest common divisor of x and 18.
9
Suppose -50*q + 48*q + 900 = 88*q. What is the highest common factor of q and 355?
5
Suppose 0 = -5*t - 5*y + 425, 2*y + 113 = -4*t + 441. What is the greatest common divisor of t and 869?
79
Let v = 623 + -1066. Let o = v - -573. What is the greatest common divisor of 10 and o?
10
Let k(j) = -j**2 + 103*j - 1271. Let n be k(88). Calculate the highest common factor of n and 203.
7
Suppose 0 = 5*j + 12*j + 102. Let k be (-348)/(-3)*(-6)/j. What is the highest common divisor of 4 and k?
4
Let v be (-54)/(-90) - (1 + (-26)/(-10)). Let r be 80 - ((-6 - v) + 3). Calculate the greatest common divisor of r and 20.
20
Let z = 6365 - 5860. Calculate the greatest common factor of z and 1111.
101
Let l(k) = -k**3 + 33*k**2 + 33*k - 321. Let m be l(33). Calculate the greatest common factor of 704 and m.
64
Let o be 7/(-35) + (-5522)/(-10). Suppose -230 - o = -23*w. Calculate the greatest common factor of w and 391.
17
Let h = 58 + -59. Let b(y) = 71*y**2 - 2*y - 2. Let z be b(h). Suppose 8*o - 601 - z = 0. Calculate the greatest common factor of 12 and o.
12
Suppose 2*y + 35 = 5*q, 0 = -2*y - 0*y. Let u = -124 - -130. Let h(b) = 4*b**2 - 7*b - 11. Let s be h(u). Calculate the greatest common divisor of s and q.
7
Let k = -4611 + 5146. Calculate the greatest common factor of 15 and k.
5
Suppose 386*x - 3836 = 112*x. What is the highest common divisor of x and 5922?
14
Let x be (-4950)/9*((-22)/4 + 5). What is the greatest common divisor of 100 and x?
25
Suppose 0 = 45*z - 51*z - 90. Let h = 21 + z. What is the greatest common factor of 96 and h?
6
Suppose -f = 3*g - 1032, 4*g = -45*f + 44*f + 1374. What is the greatest common factor of 285 and g?
57
Suppose -s - 3*s = -244. Let w = 113 + -119. Let b = w + s. What is the greatest common divisor of b and 22?
11
Let t = 16 - 3. Let v = 24591 - 24487. Calculate the highest common factor of t and v.
13
Suppose -7*k = -6*k - 286. Suppose -7*l = 6*l - k. Calculate the highest common factor of 55 and l.
11
Let z = 987 + -543. Let h = 9867 - 9756. Calculate the greatest common factor of h and z.
111
Let c be (-44)/52 + 6/(-39). Let j be 1/1*1/(c/(-31)). Calculate the highest common divisor of 341 and j.
31
Suppose -2*u + 46 = 4*i, 3*i = -5*u - i + 91. Suppose 11*o = u*o - 4*y - 520, -3*y + 270 = 2*o. Calculate the greatest common divisor of o and 176.
44
Suppose -1365 - 2975 = -28*h. Let o = 142 + -49. What is the greatest common divisor of o and h?
31
Let x(z) = -3*z - 6. Let m be x(-3). Suppose 5*o - m = g + 52, 0 